{"id":5145,"date":"2024-08-19T19:16:33","date_gmt":"2024-08-19T17:16:33","guid":{"rendered":"http:\/\/www.messdiener-laggenbeck.de\/?page_id=5145"},"modified":"2025-09-09T21:23:54","modified_gmt":"2025-09-09T19:23:54","slug":"werde-teil-der-messdienerinnen","status":"publish","type":"page","link":"https:\/\/www.messdiener-laggenbeck.de\/?page_id=5145","title":{"rendered":"Neue Gruppenstunden"},"content":{"rendered":"\n<p>Es ist wieder soweit: es wird neue Gruppenstunden f\u00fcr die diesj\u00e4hrigen Kommunionkinder geben. Damit ihr eure zuk\u00fcnftigen Leiter*innen schon ein wenig kennenlernen k\u00f6nnt, haben wir f\u00fcr euch jeweils einen Flyer vorbereitet dem ihr alle wichtigen Informationen entnehmen k\u00f6nnt. <\/p>\n\n\n\n<p><em>Viel Spa\u00df beim durchlesen und wir freuen uns auf euch!<\/em><\/p>\n\n\n\n<p><\/p>\n\n\n<div class=\"wp-block-image\">\n<figure class=\"aligncenter size-large\"><a href=\"http:\/\/www.messdiener-laggenbeck.de\/wp-content\/uploads\/2025\/09\/IMG_7058-1.jpg\"><img loading=\"lazy\" decoding=\"async\" width=\"721\" height=\"1024\" src=\"http:\/\/www.messdiener-laggenbeck.de\/wp-content\/uploads\/2025\/09\/IMG_7058-1-721x1024.jpg\" alt=\"\" class=\"wp-image-6394\" srcset=\"https:\/\/www.messdiener-laggenbeck.de\/wp-content\/uploads\/2025\/09\/IMG_7058-1-721x1024.jpg 721w, https:\/\/www.messdiener-laggenbeck.de\/wp-content\/uploads\/2025\/09\/IMG_7058-1-211x300.jpg 211w, https:\/\/www.messdiener-laggenbeck.de\/wp-content\/uploads\/2025\/09\/IMG_7058-1-768x1090.jpg 768w, https:\/\/www.messdiener-laggenbeck.de\/wp-content\/uploads\/2025\/09\/IMG_7058-1-1082x1536.jpg 1082w, https:\/\/www.messdiener-laggenbeck.de\/wp-content\/uploads\/2025\/09\/IMG_7058-1.jpg 1141w\" sizes=\"auto, (max-width: 721px) 100vw, 721px\" \/><\/a><\/figure>\n<\/div>\n\n<div class=\"wp-block-image\">\n<figure class=\"aligncenter size-full\"><a href=\"http:\/\/www.messdiener-laggenbeck.de\/wp-content\/uploads\/2025\/09\/PHOTO-2025-09-09-14-08-23-1.jpg\"><img loading=\"lazy\" decoding=\"async\" width=\"538\" height=\"759\" src=\"http:\/\/www.messdiener-laggenbeck.de\/wp-content\/uploads\/2025\/09\/PHOTO-2025-09-09-14-08-23-1.jpg\" alt=\"\" class=\"wp-image-6395\" srcset=\"https:\/\/www.messdiener-laggenbeck.de\/wp-content\/uploads\/2025\/09\/PHOTO-2025-09-09-14-08-23-1.jpg 538w, https:\/\/www.messdiener-laggenbeck.de\/wp-content\/uploads\/2025\/09\/PHOTO-2025-09-09-14-08-23-1-213x300.jpg 213w\" sizes=\"auto, (max-width: 538px) 100vw, 538px\" \/><\/a><\/figure>\n<\/div>\n\n\n<p><\/p>\n","protected":false},"excerpt":{"rendered":"<p>Es ist wieder soweit: es wird neue Gruppenstunden f\u00fcr die diesj\u00e4hrigen Kommunionkinder geben. Damit ihr eure zuk\u00fcnftigen Leiter*innen schon ein wenig kennenlernen k\u00f6nnt, haben wir f\u00fcr euch jeweils einen Flyer vorbereitet dem ihr alle wichtigen Informationen entnehmen k\u00f6nnt. Viel Spa\u00df beim durchlesen und wir freuen uns auf euch!<\/p>\n","protected":false},"author":2,"featured_media":0,"parent":0,"menu_order":0,"comment_status":"closed","ping_status":"closed","template":"","meta":{"ngg_post_thumbnail":0,"footnotes":""},"class_list":["post-5145","page","type-page","status-publish","hentry"],"_links":{"self":[{"href":"https:\/\/www.messdiener-laggenbeck.de\/index.php?rest_route=\/wp\/v2\/pages\/5145","targetHints":{"allow":["GET"]}}],"collection":[{"href":"https:\/\/www.messdiener-laggenbeck.de\/index.php?rest_route=\/wp\/v2\/pages"}],"about":[{"href":"https:\/\/www.messdiener-laggenbeck.de\/index.php?rest_route=\/wp\/v2\/types\/page"}],"author":[{"embeddable":true,"href":"https:\/\/www.messdiener-laggenbeck.de\/index.php?rest_route=\/wp\/v2\/users\/2"}],"replies":[{"embeddable":true,"href":"https:\/\/www.messdiener-laggenbeck.de\/index.php?rest_route=%2Fwp%2Fv2%2Fcomments&post=5145"}],"version-history":[{"count":4,"href":"https:\/\/www.messdiener-laggenbeck.de\/index.php?rest_route=\/wp\/v2\/pages\/5145\/revisions"}],"predecessor-version":[{"id":6397,"href":"https:\/\/www.messdiener-laggenbeck.de\/index.php?rest_route=\/wp\/v2\/pages\/5145\/revisions\/6397"}],"wp:attachment":[{"href":"https:\/\/www.messdiener-laggenbeck.de\/index.php?rest_route=%2Fwp%2Fv2%2Fmedia&parent=5145"}],"curies":[{"name":"wp","href":"https:\/\/api.w.org\/{rel}","templated":true}]}}