{"id":5917,"date":"2024-10-20T12:57:04","date_gmt":"2024-10-20T10:57:04","guid":{"rendered":"http:\/\/www.messdiener-laggenbeck.de\/?page_id=5917"},"modified":"2024-11-08T15:39:00","modified_gmt":"2024-11-08T13:39:00","slug":"startseite","status":"publish","type":"page","link":"https:\/\/www.messdiener-laggenbeck.de\/","title":{"rendered":"Willkommen auf unserer Homepage!"},"content":{"rendered":"\n<p>Wir freuen uns, dass du den Weg zu uns gefunden hast. Bei uns geht es nicht nur um den Dienst am Altar, sondern auch um jede Menge gemeinsame Aktionen und Spa\u00df! Ein Highlight ist das <strong>MeSoLa<\/strong> &#8211; unser j\u00e4hrliches Zeltlager, dass f\u00fcr viele unvergessliche Erlebnisse sorgt. Au\u00dferdem organisieren wir viele tolle Aktionen wie <strong>Karnevals- und Halloweenpartys.<\/strong> Eine besondere Aktion ist au\u00dferdem unsere <strong>Heinzelm\u00e4nnchen Aktion<\/strong>, bei der wir eherenamtlich Menschen bei ihrer Gartenarbeit unterst\u00fctzen. <\/p>\n\n\n\n<figure class=\"wp-block-image size-large\"><a href=\"http:\/\/www.messdiener-laggenbeck.de\/wp-content\/uploads\/2024\/10\/DSCF6124-scaled.jpg\"><img loading=\"lazy\" decoding=\"async\" width=\"1024\" height=\"576\" src=\"http:\/\/www.messdiener-laggenbeck.de\/wp-content\/uploads\/2024\/10\/DSCF6124-1024x576.jpg\" alt=\"\" class=\"wp-image-5839\" srcset=\"https:\/\/www.messdiener-laggenbeck.de\/wp-content\/uploads\/2024\/10\/DSCF6124-1024x576.jpg 1024w, https:\/\/www.messdiener-laggenbeck.de\/wp-content\/uploads\/2024\/10\/DSCF6124-300x169.jpg 300w, https:\/\/www.messdiener-laggenbeck.de\/wp-content\/uploads\/2024\/10\/DSCF6124-768x432.jpg 768w, https:\/\/www.messdiener-laggenbeck.de\/wp-content\/uploads\/2024\/10\/DSCF6124-1536x864.jpg 1536w, https:\/\/www.messdiener-laggenbeck.de\/wp-content\/uploads\/2024\/10\/DSCF6124-2048x1152.jpg 2048w\" sizes=\"auto, (max-width: 767px) 89vw, (max-width: 1000px) 54vw, (max-width: 1071px) 543px, 580px\" \/><\/a><\/figure>\n\n\n\n<p>Neben  unseren Aktionen treffen wir uns regelm\u00e4\u00dfig zu <strong>w\u00f6chentlichen Gruppenstunden<\/strong>, in denen wir zusammen spielen, basteln und vieles mehr erelben. Hier sind neue Gesichter immer herzlich willkommen &#8211; also komm gerne mal vorbei! Alle weiteren dazu findest du unter dem Men\u00fc &#8222;Gruppenstunden&#8220;. <\/p>\n\n\n\n<p><em>Schau dich um und erfahre mehr \u00fcber unsere Aktivit\u00e4ten und wie du Teil unserer Gemeinschaft werden kannst!<\/em><\/p>\n","protected":false},"excerpt":{"rendered":"<p>Wir freuen uns, dass du den Weg zu uns gefunden hast. Bei uns geht es nicht nur um den Dienst am Altar, sondern auch um jede Menge gemeinsame Aktionen und Spa\u00df! Ein Highlight ist das MeSoLa &#8211; unser j\u00e4hrliches Zeltlager, dass f\u00fcr viele unvergessliche Erlebnisse sorgt. Au\u00dferdem organisieren wir viele tolle Aktionen wie Karnevals- und &hellip; <\/p>\n<p class=\"link-more\"><a href=\"https:\/\/www.messdiener-laggenbeck.de\/\" class=\"more-link\"><span class=\"screen-reader-text\">\u201eWillkommen auf unserer Homepage!\u201c<\/span> weiterlesen<\/a><\/p>\n","protected":false},"author":2,"featured_media":0,"parent":0,"menu_order":0,"comment_status":"closed","ping_status":"closed","template":"","meta":{"ngg_post_thumbnail":0,"footnotes":""},"class_list":["post-5917","page","type-page","status-publish","hentry"],"_links":{"self":[{"href":"https:\/\/www.messdiener-laggenbeck.de\/index.php?rest_route=\/wp\/v2\/pages\/5917","targetHints":{"allow":["GET"]}}],"collection":[{"href":"https:\/\/www.messdiener-laggenbeck.de\/index.php?rest_route=\/wp\/v2\/pages"}],"about":[{"href":"https:\/\/www.messdiener-laggenbeck.de\/index.php?rest_route=\/wp\/v2\/types\/page"}],"author":[{"embeddable":true,"href":"https:\/\/www.messdiener-laggenbeck.de\/index.php?rest_route=\/wp\/v2\/users\/2"}],"replies":[{"embeddable":true,"href":"https:\/\/www.messdiener-laggenbeck.de\/index.php?rest_route=%2Fwp%2Fv2%2Fcomments&post=5917"}],"version-history":[{"count":10,"href":"https:\/\/www.messdiener-laggenbeck.de\/index.php?rest_route=\/wp\/v2\/pages\/5917\/revisions"}],"predecessor-version":[{"id":6218,"href":"https:\/\/www.messdiener-laggenbeck.de\/index.php?rest_route=\/wp\/v2\/pages\/5917\/revisions\/6218"}],"wp:attachment":[{"href":"https:\/\/www.messdiener-laggenbeck.de\/index.php?rest_route=%2Fwp%2Fv2%2Fmedia&parent=5917"}],"curies":[{"name":"wp","href":"https:\/\/api.w.org\/{rel}","templated":true}]}}