{"id":877,"date":"2016-08-03T23:42:40","date_gmt":"2016-08-03T21:42:40","guid":{"rendered":"http:\/\/www.messdiener-laggenbeck.de\/?page_id=877"},"modified":"2025-10-03T12:38:56","modified_gmt":"2025-10-03T10:38:56","slug":"wimpel","status":"publish","type":"page","link":"https:\/\/www.messdiener-laggenbeck.de\/?page_id=877","title":{"rendered":"Wimpel"},"content":{"rendered":"\n<p>Das wichtigste im Lager ist nat\u00fcrlich unser <strong>Wimpel!<\/strong> Er ist uns so wichtig, dass wir ihn jede Nacht bewachen werden, da auch andere ihn gern h\u00e4tten. Unsere Nachtwache passt nat\u00fcrlich gut auf, dass niemand den Wimpel klauen kann.<\/p>\n\n\n\n<hr class=\"wp-block-separator has-css-opacity\"\/>\n\n\n\n<h4 class=\"wp-block-heading has-text-align-center\">Wimpelwache<\/h4>\n\n\n\n<p>Die Nachtwache findet jede Nacht statt. Nach der Wimpelwache wird der Wimpel wegger\u00e4umt. Bei sehr schlechtem Wetter kann es &nbsp;sein, dass die Wimpelwache fr\u00fcher beendet wird.<\/p>\n\n\n\n<figure class=\"wp-block-table is-style-stripes\"><table><tbody><tr><td><strong>Zeiten der Wimpelwache<\/strong><\/td><td><\/td><\/tr><tr><td>Montags bis donnerstags + sonntags<\/td><td>23:00 bis 2:00 Uhr<\/td><\/tr><tr><td>Freitags + samstags <\/td><td>23:00 bis 3:00 Uhr<\/td><\/tr><\/tbody><\/table><\/figure>\n\n\n\n<hr class=\"wp-block-separator has-css-opacity\"\/>\n\n\n\n<h4 class=\"wp-block-heading has-text-align-center\">Wimpelklau-Regeln<\/h4>\n\n\n<ul>\n<li>Alle Angriffe laufen auf eigene Gefahr.<\/li>\n<li>Die MeSoLa-Kinder d\u00fcrfen bei Angriffen nicht mitlaufen.&nbsp;<\/li>\n<li>Ein Wimpelklau unter Alkoholeinfluss ist verboten.<\/li>\n<li>Minderj\u00e4hrige sind aufgrund ihres Alters und der Verletzungsgefahr vom Wimpelklau ausgeschlossen.&nbsp;<strong><br \/><\/strong><\/li>\n<\/ul>\n\n\n<hr class=\"wp-block-separator has-css-opacity\"\/>\n\n\n\n<h4 class=\"wp-block-heading has-text-align-center\">Was gilt als erfolgreicher Wimpelklau? <\/h4>\n\n\n\n<ul class=\"wp-block-list\">\n<li>Wenn wir keine Chance mehr haben den Wimpel zu bekommen.<\/li>\n\n\n\n<li>Wir d\u00fcrfen keine Person der Wimpeldiebe gefangen haben. Ansonsten wird diese Person gegen den Wimpel eingetauscht. (= kein erfolgreicher Wimpelklau) <\/li>\n<\/ul>\n\n\n\n<hr class=\"wp-block-separator has-css-opacity\"\/>\n\n\n\n<h4 class=\"wp-block-heading has-text-align-center\">\u201eFreikaufen\u201c<\/h4>\n\n\n\n<ul class=\"wp-block-list\">\n<li>M\u00f6glichkeit 1: Die Wimpeldiebe waren erfolgreich. Das gesamte MeSoLa muss sich den Wimpel zur\u00fcck \u201ekaufen\u201c.  Der Einsatz wird mit der Lagerleitung verhandelt. <\/li>\n\n\n\n<li>M\u00f6glichkeit 2: Die Wimpeldiebe waren nicht erfolgreich. Um den Zeltplatz wieder verlassen zu k\u00f6nnen, hat das MeSoLa einen Wunsch frei. Die Wimpeldiebe m\u00fcssen sich frei \u201ekaufen\u201c. (siehe Wunschzettel)<\/li>\n\n\n\n<li>M\u00f6glichkeit 3: Austausch. (siehe oben) <\/li>\n<\/ul>\n","protected":false},"excerpt":{"rendered":"<p>Das wichtigste im Lager ist nat\u00fcrlich unser Wimpel! Er ist uns so wichtig, dass wir ihn jede Nacht bewachen werden, da auch andere ihn gern h\u00e4tten. Unsere Nachtwache passt nat\u00fcrlich gut auf, dass niemand den Wimpel klauen kann. Wimpelwache Die Nachtwache findet jede Nacht statt. Nach der Wimpelwache wird der Wimpel wegger\u00e4umt. Bei sehr schlechtem &hellip; <\/p>\n<p class=\"link-more\"><a href=\"https:\/\/www.messdiener-laggenbeck.de\/?page_id=877\" class=\"more-link\"><span class=\"screen-reader-text\">\u201eWimpel\u201c<\/span> weiterlesen<\/a><\/p>\n","protected":false},"author":2,"featured_media":0,"parent":6411,"menu_order":0,"comment_status":"closed","ping_status":"closed","template":"","meta":{"ngg_post_thumbnail":0,"footnotes":""},"class_list":["post-877","page","type-page","status-publish","hentry"],"_links":{"self":[{"href":"https:\/\/www.messdiener-laggenbeck.de\/index.php?rest_route=\/wp\/v2\/pages\/877","targetHints":{"allow":["GET"]}}],"collection":[{"href":"https:\/\/www.messdiener-laggenbeck.de\/index.php?rest_route=\/wp\/v2\/pages"}],"about":[{"href":"https:\/\/www.messdiener-laggenbeck.de\/index.php?rest_route=\/wp\/v2\/types\/page"}],"author":[{"embeddable":true,"href":"https:\/\/www.messdiener-laggenbeck.de\/index.php?rest_route=\/wp\/v2\/users\/2"}],"replies":[{"embeddable":true,"href":"https:\/\/www.messdiener-laggenbeck.de\/index.php?rest_route=%2Fwp%2Fv2%2Fcomments&post=877"}],"version-history":[{"count":25,"href":"https:\/\/www.messdiener-laggenbeck.de\/index.php?rest_route=\/wp\/v2\/pages\/877\/revisions"}],"predecessor-version":[{"id":6388,"href":"https:\/\/www.messdiener-laggenbeck.de\/index.php?rest_route=\/wp\/v2\/pages\/877\/revisions\/6388"}],"up":[{"embeddable":true,"href":"https:\/\/www.messdiener-laggenbeck.de\/index.php?rest_route=\/wp\/v2\/pages\/6411"}],"wp:attachment":[{"href":"https:\/\/www.messdiener-laggenbeck.de\/index.php?rest_route=%2Fwp%2Fv2%2Fmedia&parent=877"}],"curies":[{"name":"wp","href":"https:\/\/api.w.org\/{rel}","templated":true}]}}